t are the prime factors of p(-1)?
2, 7
Suppose 143*u = 3*r + 141*u - 100483, -5*r = 4*u - 167457. What are the prime factors of r?
33493
Let o be (-838)/(-10) + (-4)/(-20). Suppose -3*d + o = -2*d. Suppose -3*j - j + d = 0. What are the prime factors of j?
3, 7
Let k(w) = 4*w**2 + 70*w + 1980. List the prime factors of k(-56).
2, 11, 241
Suppose -m = 2*g + 2, 7 = -0*m + m + 5*g. List the prime factors of (1 - 12/16) + (-1086)/m.
2, 17
Let o = -39053 - -77113. What are the prime factors of o?
2, 5, 11, 173
Let j(m) be the third derivative of -m**6/120 - m**5/10 - 5*m**4/24 + 2*m**3/3 + 114*m**2. Let o be (1 + 0)*(-24)/4. What are the prime factors of j(o)?
2, 17
Let k be 6/(-5) - -2 - (-8488)/40. Let b = k + 42. Suppose b = 5*g - 0*y - 5*y, 5*y + 161 = 3*g. List the prime factors of g.
47
Suppose -88*t + 52*t + 198504 = 0. What are the prime factors of t?
2, 3, 919
Suppose 4*k + 324 - 122 = 2*n, 4*k + 195 = -5*n. Let p be 0 - (-17)/5 - (-20)/k. Suppose -p*h + 201 = -0*h. List the prime factors of h.
67
Let o be (-238)/(-15) + (-856)/(-120) + -7. Suppose 355 - 18595 = -o*p. What are the prime factors of p?
2, 3, 5, 19
List the prime factors of -400*42/(-7) - (-7 + 0).
29, 83
Suppose -5*m + 223230 = 5*x, 2*x + 11*m - 10*m = 89300. List the prime factors of x.
2, 83, 269
Let c be (260/(-15))/(2/(-18)). Let o = -914 - -916. Suppose -c = -o*l + 108. What are the prime factors of l?
2, 3, 11
Suppose 5*z - 180 = -0*z. List the prime factors of -4*((-2133)/z + (1 - 2)).
241
Let r(p) = -7*p**3 + 13*p**2 + 11*p - 22. Let u(n) = -6*n**3 + 11*n**2 + 10*n - 23. Let v(c) = -5*r(c) + 6*u(c). List the prime factors of v(-7).
7, 47
Suppose 0 = -2*v - 121*d + 125*d + 94672, -3*v + d = -141973. What are the prime factors of v?
2, 3, 11, 239
Let z(b) = 11089*b**2 + 4*b + 15. List the prime factors of z(1).
2, 2777
Suppose 0 = 15*f - 18*f + 636. What are the prime factors of 3/(426/f - 2)?
2, 3, 53
Suppose -x + 5*m + 1833 = -0*x, 16 = -4*m. Suppose -630 + x = 7*i. Let c = i - 126. What are the prime factors of c?
43
Suppose 180*h = 253*h - 536550. What are the prime factors of h?
2, 3, 5, 7
Let n(c) = -14*c + 1. Suppose -2*v - 5*v - 91 = 0. List the prime factors of n(v).
3, 61
Let g(s) = -21*s - 13. Suppose -2*v - x = 5, 4*x + 5 = -4*v - 11. Let n(t) = -4*t**2 + t. Let l be n(v). What are the prime factors of g(l)?
2, 23
Let l = 177 + -170. Suppose -2*r - 2*i = -1510, l*r = 6*r + 4*i + 735. What are the prime factors of r?
751
Let l(t) = 5*t**3 + 18*t**2 + 31*t + 19. What are the prime factors of l(14)?
31, 571
Suppose 4*w + 5*d - 49 = 0, 74 = 5*w - 5*d + 7*d. Suppose 2440 = w*h - 2296. What are the prime factors of h?
2, 37
Suppose 2*f - 8 = -x, 3*x - 5*f = x - 11. Let a be 2*(-1)/x - 24/3. List the prime factors of (6/a*2)/((-2)/6).
2
Let v be (-12 - -21 - 12) + 18944/2. Suppose -11*n = -v - 6987. List the prime factors of n.
2, 11, 17
Let x be 22 + -26 + -1 + 528. Let r = -83 - -83. Suppose -4*t - x = -3*s - 2*t, 5*s - t - 867 = r. What are the prime factors of s?
173
Let k = 56 - 54. Let x be 261/k*(-70)/(-15). Suppose -h + 12*f - 7*f + 213 = 0, -3*h + x = -5*f. List the prime factors of h.
2, 3, 11
Let l(x) = 6*x - 19 + x + 41 + 18. What are the prime factors of l(10)?
2, 5, 11
Let s = 15953 - -29244. What are the prime factors of s?
45197
Let n(o) = 49*o**2 + 2*o. Let b be n(-2). Let y = 356 - b. What are the prime factors of y?
2, 41
Let i(o) = -2*o**2 - 3*o + 13. Let u be i(-4). Let a(j) = 12*j - 8. Let w be a(6). Let g = w + u. List the prime factors of g.
3, 19
Suppose -2*f + 2*d + 7022 = -5474, 0 = 4*d - 12. What are the prime factors of f?
7, 19, 47
List the prime factors of -3 + ((-1021620)/(-90) - (-4)/6).
3, 13, 97
List the prime factors of (27247/33 - 1/(-3)) + 5.
3, 277
Suppose 0 = 2*w + 4*a - 57043 + 6917, 0 = 5*w - a - 125304. What are the prime factors of w?
19, 1319
Let l = 1920 + -719. Let p = 2501 - l. What are the prime factors of p?
2, 5, 13
Let o be (7 + 2)/(-3) + 3. Let s be o + 0 + (-12)/(-3). Suppose 5*c + v - 466 = -61, -s*v = c - 62. List the prime factors of c.
2, 41
Suppose 1650627 + 1360979 = 235*l - 6932184. What are the prime factors of l?
2, 21157
Let w be (-3 - (-2 - 1)) + 27. Let f = w - 173. Let z = f + 297. What are the prime factors of z?
151
Suppose -14*c + 9*c + 10 = 0. Suppose c*v - 4*g = 186, 0 = -v + 6*v + 3*g - 452. What are the prime factors of v?
7, 13
Let k be -2*3*(-2)/12. Let a(q) = -4*q + 2*q - 1 - 2*q + 5*q + 121*q**2. List the prime factors of a(k).
11
Let d(c) = c**2 - 6*c + 3. Let n be d(6). Suppose 0 = 4*s - 4, n*l - 4 = s + 4. Suppose 0 = -h + 3*k - 14 + 51, -k = l*h - 91. List the prime factors of h.
31
Suppose 0 = -5*n + 4*x + 25 + 10, 0 = 2*x. Suppose n*b = 3*b - 0*b. Suppose b = -12*d + 1001 - 29. What are the prime factors of d?
3
Suppose 7*m = 32*m - 4600. Let p = 1197 - m. What are the prime factors of p?
1013
Let f = -161 - -161. Let q(v) = -v + 1315. What are the prime factors of q(f)?
5, 263
List the prime factors of 2/20 - (401997/24)/((-120)/96).
2, 5, 67
Let n = 7746 + 11111. List the prime factors of n.
109, 173
Let p be 3/(2 + 38/(-16)). Let b(y) = 2*y + 25. Let i be b(p). List the prime factors of i*(5 - (-4 - -3)).
2, 3
Let t = -120 - -123. What are the prime factors of (t - 0 - 14)/((-1)/29)?
11, 29
Suppose 115 = -4*y - 233. Let w be 63/(-5) + y/(-145). List the prime factors of (236/w)/((-8)/48).
2, 59
Let d be (10/(-1) - -4)*1. Let q be 3 + d + (6 - 1)*1. What are the prime factors of 1/(q - 3) - (0 - 26)?
5
Suppose -22*n - 30*n + 468288 = 2*n. What are the prime factors of n?
2, 271
Suppose -53*l = -273*l - 2605 + 429185. What are the prime factors of l?
7, 277
Suppose 0 = -l + 2*x + 11, 4*l = 4*x + 49 + 11. Let f = -72 + l. Let h = 264 + f. What are the prime factors of h?
211
Let i be 1483 + (-42)/(-12)*2. List the prime factors of i + 1*-6 + (-14)/(-2).
3, 7, 71
Suppose -122*z - 84 = -126*z. What are the prime factors of (-3)/z + (24015/35 - -6)?
2, 173
Suppose 3*v = 5*u - 52 + 6, 5*v + 34 = 3*u. Suppose -u*j = 122 + 158. Let q = 67 + j. What are the prime factors of q?
2
Let x = 29843 - 20797. What are the prime factors of x?
2, 4523
Let a(f) = 51*f**2 + 52*f + 339. List the prime factors of a(-36).
3, 21521
Suppose 0 = 110*g - 288*g - 1494 + 7190. Let l(j) = j + 24. Let r be l(0). Let s = g + r. List the prime factors of s.
2, 7
Suppose 0 = -6*w + 10*w - 64. Let q(i) = -i**3 + 17*i**2 - 7*i + 20. Let y be q(w). Let r = y - 116. What are the prime factors of r?
2, 3
Let o(b) = 20*b - 27 + 45 - 4. Let x(r) = 20*r + 14. Let k(u) = -5*o(u) + 6*x(u). List the prime factors of k(6).
2, 67
Suppose 12*t - 1495 = -t. Let d = 40 + -12. Let h = t - d. List the prime factors of h.
3, 29
Let h = -129 - -131. Let f(u) = 34*u**2 - 4*u. List the prime factors of f(h).
2
Let a(y) = 12*y**2 + 6 + 5*y**3 - 8*y**2 + 3*y + 2*y. Let n be a(6). List the prime factors of (-2)/4*n/(-9).
2, 5, 7
Let r = -1506 + 1043. Let h = 653 + r. What are the prime factors of h?
2, 5, 19
Let q = -38475 - -59058. List the prime factors of q.
3, 2287
Let p(r) = 61*r**2 + 10*r - 73. List the prime factors of p(10).
11, 557
Suppose x - 2445 = -2*x. Suppose x = 4*d + 5*y - 743, -1927 = -5*d + 4*y. List the prime factors of d.
3, 43
Suppose 2*l - 14*l = -96. Suppose -14*a = -l*a - 9168. What are the prime factors of a?
2, 191
Suppose 25391 = 5*o + 5*g - 15734, -4*o + 32918 = g. What are the prime factors of o?
8231
Let z = 39 + -58. Let f = -16 - z. Let i(u) = 5*u**2 + 2*u + 6. List the prime factors of i(f).
3, 19
Let v = 30 + -28. Suppose -16 = -4*r + v*s + 6, 4*r - 27 = 3*s. List the prime factors of 141/45 - r - (-2576)/30.
2, 43
Suppose 0*f - 3*f = 0. Let c = -133 + 141. Suppose f = -3*i + 5*i - c. List the prime factors of i.
2
Let w(g) = g**2 - 4*g - 3. Let h be ((-15)/(-6))/(9/(-6) - -2). Let d be w(h). What are the prime factors of 3 + (-1)/(1/(-26)) - d?
3
Suppose 0 = -121*y + 78672 + 43296. List the prime factors of y.
2, 3, 7
Let g(o) = -2*o**3 - 51*o**2 - 73*o + 45. What are the prime factors of g(-25)?
3, 5, 83
Let v = -4242 + 13988. List the prime factors of v.
2, 11, 443
Let h = 164 - 84. Suppose 89*c - h*c - 4932 = 0. What are the prime factors of c?
2, 137
Let p be (-24)/(-6) + (-1 - 0). Let a(w) = 5 